 757?
7
What is the thousands digit of 20526?
0
What is the hundreds digit of 714?
7
What is the hundreds digit of 177?
1
What is the tens digit of 4182?
8
What is the tens digit of 18890?
9
What is the tens digit of 16885?
8
What is the units digit of 8024?
4
What is the ten thousands digit of 39547?
3
What is the units digit of 1249?
9
What is the hundreds digit of 11013?
0
What is the tens digit of 46?
4
What is the units digit of 6721?
1
What is the tens digit of 1198?
9
What is the hundreds digit of 3577?
5
What is the hundreds digit of 249?
2
What is the hundreds digit of 875?
8
What is the tens digit of 1729?
2
What is the hundreds digit of 3087?
0
What is the tens digit of 446?
4
What is the units digit of 94232?
2
What is the tens digit of 1630?
3
What is the tens digit of 8156?
5
What is the hundreds digit of 39051?
0
What is the tens digit of 7950?
5
What is the hundreds digit of 2999?
9
What is the units digit of 6486?
6
What is the units digit of 12357?
7
What is the units digit of 28345?
5
What is the ten thousands digit of 38301?
3
What is the tens digit of 13161?
6
What is the tens digit of 82681?
8
What is the units digit of 1987?
7
What is the thousands digit of 19972?
9
What is the hundreds digit of 1071?
0
What is the hundreds digit of 439?
4
What is the ten thousands digit of 13875?
1
What is the tens digit of 663?
6
What is the hundreds digit of 456?
4
What is the hundreds digit of 982?
9
What is the thousands digit of 3526?
3
What is the thousands digit of 4054?
4
What is the hundreds digit of 2226?
2
What is the hundreds digit of 1564?
5
What is the units digit of 25526?
6
What is the tens digit of 1528?
2
What is the hundreds digit of 280?
2
What is the units digit of 519?
9
What is the tens digit of 36760?
6
What is the hundreds digit of 1016?
0
What is the hundreds digit of 2305?
3
What is the ten thousands digit of 16294?
1
What is the thousands digit of 107456?
7
What is the thousands digit of 1995?
1
What is the tens digit of 430?
3
What is the tens digit of 15573?
7
What is the thousands digit of 1748?
1
What is the tens digit of 7196?
9
What is the ten thousands digit of 144336?
4
What is the tens digit of 88477?
7
What is the units digit of 29730?
0
What is the units digit of 6213?
3
What is the thousands digit of 101283?
1
What is the hundreds digit of 706?
7
What is the hundreds digit of 6590?
5
What is the units digit of 17959?
9
What is the tens digit of 1753?
5
What is the tens digit of 14773?
7
What is the units digit of 1603?
3
What is the tens digit of 1568?
6
What is the units digit of 65547?
7
What is the tens digit of 7196?
9
What is the hundreds digit of 1899?
8
What is the units digit of 5077?
7
What is the thousands digit of 1729?
1
What is the tens digit of 1626?
2
What is the units digit of 14566?
6
What is the hundreds digit of 18289?
2
What is the units digit of 56520?
0
What is the hundreds digit of 564?
5
What is the hundreds digit of 1308?
3
What is the units digit of 981?
1
What is the hundreds digit of 186159?
1
What is the units digit of 5763?
3
What is the thousands digit of 51808?
1
What is the units digit of 1178?
8
What is the units digit of 96591?
1
What is the thousands digit of 17303?
7
What is the hundreds digit of 1462?
4
What is the hundreds digit of 1587?
5
What is the hundreds digit of 14046?
0
What is the thousands digit of 1404?
1
What is the tens digit of 1397?
9
What is the tens digit of 48268?
6
What is the units digit of 77691?
1
What is the hundreds digit of 1742?
7
What is the tens digit of 2149?
4
What is the ten thousands digit of 23149?
2
What is the tens digit of 656?
5
What is the units digit of 416?
6
What is the tens digit of 1694?
9
What is the hundreds digit of 1130?
1
What is the hundreds digit of 14808?
8
What is the tens digit of 39732?
3
What is the tens digit of 7206?
0
What is the units digit of 1202?
2
What is the tens digit of 43162?
6
What is the tens digit of 871?
7
What is the tens digit of 462?
6
What is the ten thousands digit of 20739?
2
What is the tens digit of 1065?
6
What is the units digit of 920?
0
What is the hundred thousands digit of 121473?
1
What is the hundreds digit of 2070?
0
What is the thousands digit of 14340?
4
What is the units digit of 6413?
3
What is the hundreds digit of 51534?
5
What is the thousands digit of 2251?
2
What is the ten thousands digit of 14066?
1
What is the hundreds digit of 268?
2
What is the tens digit of 875?
7
What is the units digit of 34147?
7
What is the hundreds digit of 6424?
4
What is the tens digit of 47449?
4
What is the tens digit of 2321?
2
What is the hundreds digit of 806?
8
What is the units digit of 12308?
8
What is the units digit of 488?
8
What is the tens digit of 14023?
2
What is the units digit of 2270?
0
What is the units digit of 65114?
4
What is the hundreds digit of 174?
1
What is the hundreds digit of 1060?
0
What is the tens digit of 56010?
1
What is the units digit of 4296?
6
What is the thousands digit of 29948?
9
What is the tens digit of 578?
7
What is the thousands digit of 14491?
4
What is the units digit of 1805?
5
What is the ten thousands digit of 17274?
1
What is the units digit of 22817?
7
What is the ten thousands digit of 27334?
2
What is the ten thousands digit of 97126?
9
What is the ten thousands digit of 11114?
1
What is the hundreds digit of 35416?
4
What is the tens digit of 40670?
7
What is the units digit of 476?
6
What is the thousands digit of 59588?
9
What is the units digit of 35923?
3
What is the hundreds digit of 17187?
1
What is the hundreds digit of 138?
1
What is the tens digit of 35114?
1
What is the thousands digit of 14079?
4
What is the units digit of 44007?
7
What is the units digit of 1414?
4
What is the units digit of 18526?
6
What is the hundreds digit of 9331?
3
What is the thousands digit of 79676?
9
What is the thousands digit of 11630?
1
What is the hundreds digit of 5855?
8
What is the units digit of 4797?
7
What is the tens digit of 17117?
1
What is the hundreds digit of 11980?
9
What is the thousands digit of 12447?
2
What is the hundreds digit of 5033?
0
What is the units digit of 385?
5
What is the hundreds digit of 27908?
9
What is the tens digit of 9493?
9
What is the hundreds digit of 85261?
2
What is the ten thousands digit of 26852?
2
What is the tens digit of 16374?
7
What is the hundreds digit of 7570?
5
What is the tens digit of 10031?
3
What is the units digit of 103941?
1
What is the tens digit of 9562?
6
What is the units digit of 9?
9
What is the tens digit of 606?
0
What is the thousands digit of 13810?
3
What is the tens digit of 94?
9
What is the tens digit of 2039?
3
What is the units digit of 20813?
3
What is the hundreds digit of 41731?
7
What is the units digit of 10390?
0
What is the thousands digit of 1428?
1
What is the units digit of 1665?
5
What is the units digit of 36531?
1
What is the hundreds digit of 25612?
6
What is the thousands digit of 72685?
2
What is the thousands digit of 1901?
1
What is the thousands digit of 6104?
6
What is the thousands digit of 114612?
4
What is the tens digit of 12847?
4
What is the tens digit of 53?
5
What is the units digit of 1792?
2
What is the units digit of 34689?
9
What is the units digit of 2281?
1
What is the tens digit of 2840?
4
What is the hundreds digit of 1037?
0
What is the tens digit of 20664?
6
What is the thousands digit of 17915?
7
What is the hundreds digit of 139?
1
What is the tens digit of 499?
9
What is the hundreds digit of 2540?
5
What is the hundreds digit of 17094?
0
What is the units digit of 15139?
9
What is the tens digit of 788?
8
What is the hundreds digit of 838?
8
What is the hundreds digit of 2044?
0
What is the ten thousands digit of 37983?
3
What is the tens digit of 6275?
7
What is the units digit of 31183?
3
What is the thousands digit of 4735?
4
What is the thousands digit of 1482?
1
What is the units digit of 3310?
0
What is the tens digit of 4832?
3
What is the tens digit of 20643?
4
What is the units digit of 25209?
9
What is the tens digit of 484?
8
What is the thousands digit of 1786?
1
What is the hundreds digit of 12959?
9
What is the hundreds digit of 747?
7
What is the units digit of 5788?
8
What is the tens digit of 185?
